ctors of i.
29
Let a = -66 + 66. Let i(m) = 3*m**2 + 3*m - 2. Let g be i(2). Suppose 4*c + 0 = 4*r - g, 2*r - 5*c + 4 = a. What are the prime factors of r?
2
List the prime factors of (11 - 13)/(4/(-1634)).
19, 43
Suppose -5*x - 2*n + 30 = 0, x - 4*n + 7 + 9 = 0. Suppose 2*s - 4*m - 22 = -0*m, -5*s = x*m + 1. Suppose 3*f - 4*f + s = 0. List the prime factors of f.
3
Let o be 30/25*10/3. Suppose -5*w = -20, -o*p + 0*p + 4*w + 448 = 0. Suppose 2*d + 180 = 5*i, -5*d + p + 64 = 5*i. List the prime factors of i.
2, 3
Suppose 18 + 64 = 2*v. Suppose -30 = -v*t + 40*t. What are the prime factors of ((-4)/8)/((-1)/t)?
3, 5
Suppose -7*u + 84 = -4*u. Suppose 3*j - 83 = u. What are the prime factors of j + -3 + 3 + 0?
37
Let c(d) = d**2 - 2. Let j = 50 + -35. Suppose 5 + j = -4*h. List the prime factors of c(h).
23
Let l(y) = -8*y**3 + 2*y**2 - 3*y - 3. Let w be l(3). Let x = -149 - w. List the prime factors of x.
61
Suppose 2*g - 954 = u, -2392 = 8*g - 13*g - u. What are the prime factors of g?
2, 239
Suppose 5*m - 54 = -4*m. What are the prime factors of m?
2, 3
Let g(z) = -z - 10. Let f be g(-13). List the prime factors of (-119)/(-2 - (f + -4)).
7, 17
Suppose 4*s - s + g - 536 = 0, -2*g + 10 = 0. What are the prime factors of s?
3, 59
Suppose -3*k + 2585 = 515. Suppose 0 = -5*q + h + 3*h + k, -q - h + 138 = 0. What are the prime factors of q?
2, 3, 23
Let a(c) = -4*c**3 + c**3 + 26 - 9*c - 10*c**2 + 4*c**3. What are the prime factors of a(11)?
2, 3
Suppose -59*n + 4374 = -54*n - d, 16 = -4*d. What are the prime factors of n?
2, 19, 23
What are the prime factors of ((-153939)/207)/(10/6 - 2)?
23, 97
Let y(h) = -7*h**3 + 2*h**2 - h + 10. Let d be y(3). Let q = -64 - d. List the prime factors of q.
2, 5
Let w = 3108 - 1146. What are the prime factors of w?
2, 3, 109
Let i be 4*9/12 + -11. Let k = i - -76. What are the prime factors of k?
2, 17
Suppose -3*c + 20 = c. Suppose 7*f - c*f = 50. What are the prime factors of f?
5
What are the prime factors of ((-6)/18*-1)/(11/18249)?
7, 79
Let y be (-505)/20 + 2/8. Let t = 77 - y. What are the prime factors of t?
2, 3, 17
Suppose 45*y - 7*y - 78546 = 0. List the prime factors of y.
3, 13, 53
Let a(h) = h**2 - 11*h - 23. Let t be a(-5). Suppose 4*j - 3*v = -t + 990, -v = -2*j + 465. What are the prime factors of j?
3, 7, 11
List the prime factors of (239655/117)/(10/12).
2, 1229
Let w(q) = q + 18. Let b be w(-18). Suppose b = -5*j + 11*j - 750. List the prime factors of j.
5
Suppose -18*r = 5*d - 14*r - 10898, -3*d = 4*r - 6534. What are the prime factors of d?
2, 1091
Suppose 5*t - 6*t + 423 = 0. Suppose -8*s = -137 - t. What are the prime factors of s?
2, 5, 7
Let g(h) = -h + 8. Let l be (28/(-35))/(4/10). Let m(j) = 2. Let i(w) = l*g(w) + 4*m(w). List the prime factors of i(6).
2
Suppose -5*m - 7 = -g, -2*g = -7*g - m + 35. Let j(s) = 9*s + 10. List the prime factors of j(g).
73
Let g = 6641 + -4096. List the prime factors of g.
5, 509
Let v(p) = p**2 - 14*p - 16. Let z be v(15). Let f(h) = -64*h**3 + h. List the prime factors of f(z).
3, 7
Let y(s) = 2*s. Let z(n) = -3*n - 16. Let r(m) = -4*y(m) - z(m). Let c(a) = -7*a. Let f be c(1). List the prime factors of r(f).
3, 17
Let y = 15 - -29. Suppose -y*k - 1180 = -49*k. List the prime factors of k.
2, 59
What are the prime factors of (13 - -16)/((-2 + 3)/25)?
5, 29
Let x(s) = 21*s + 24. Let p(d) = 62*d + 73. Let i(q) = -3*p(q) + 8*x(q). What are the prime factors of i(-10)?
3, 17
Let u = 61 - 53. Suppose 0 = 3*n + 5*t - u, 2*n = 3*n - 3*t - 26. What are the prime factors of n?
11
Let l be (4 - 50/15) + 14/6. Suppose -l*d + 605 = -3*m - m, 0 = -5*d + 5*m + 1000. List the prime factors of d.
3, 5, 13
Let z = -41 - -41. What are the prime factors of ((z - 2) + -3)/(-1)?
5
Let y(c) = 44*c**2 + c - 1. Let n be y(1). Let w = n - 4. What are the prime factors of w?
2, 5
Let u(f) be the third derivative of 0*f - 8*f**2 - 1/2*f**3 + 1/2*f**4 + 0. What are the prime factors of u(4)?
3, 5
Let g(f) = -1561*f**3 - 16*f**2 - 16*f. List the prime factors of g(-1).
7, 223
What are the prime factors of (-28)/16*(-66 - 2)/1?
7, 17
Let t(h) = -2*h**2 + 3*h + 1. Let w be t(5). Let d = 11 - w. What are the prime factors of d?
3, 5
Suppose 5*o + 88 = -62. Let r = -2 - o. What are the prime factors of r?
2, 7
Let l(g) = 39*g**2 - 7*g - 8. List the prime factors of l(-2).
2, 3
Let l(u) = 2*u**3 + 2*u**2 - u - 3. Let y be l(-3). Let i = y - -63. Suppose -4*b - 21 = -2*s - 129, -b - 5*s = -i. List the prime factors of b.
3
Let g = 48 - -54. Suppose 556 = 106*z - g*z. What are the prime factors of z?
139
Suppose -16 = -4*c - 8. List the prime factors of c.
2
Let q = -23 - -36. Suppose 11*j - q*j + 16 = 0. List the prime factors of j.
2
Suppose 13*p = 2*p + 2233. List the prime factors of p.
7, 29
Suppose -51 = -21*r + 33. List the prime factors of r.
2
Let f(t) be the first derivative of -t**6/120 + t**5/60 + 5*t**3 - 3*t**2/2 - 4. Let a(q) be the second derivative of f(q). What are the prime factors of a(0)?
2, 3, 5
Let o(u) = u**3 - 7*u**2 + 6. Let x be o(7). Let z(y) = y**3 - 4*y**2 - 10*y + 9. What are the prime factors of z(x)?
3, 7
Let l = 19 + -18. Let r be 3 + (-2 + 1)*l. Suppose -3*g - 16 + 86 = -r*b, -4*b - 10 = -g. What are the prime factors of g?
2, 13
Let r be (-3)/((-9)/(-6)) + 1*418. Suppose -16*m + 3280 = -r. What are the prime factors of m?
3, 7, 11
Suppose 5*h = -0*f - 5*f + 130, h + 2*f - 26 = 0. What are the prime factors of h?
2, 13
Suppose -29*z = -26*z + 5*t - 389, -4*z + 510 = -2*t. Let l = 6 + -4. Suppose z = 4*y + l*k, 2*y - 5*k = -y + 109. List the prime factors of y.
3, 11
Let u(g) be the second derivative of g**4/4 + 5*g**3/3 + 4*g**2 - g. Let y(o) = o**2 + o + 1. Let b(p) = -u(p) + 2*y(p). List the prime factors of b(-5).
3
Let i = 7 + -1. Let y(m) = m**3 - 2*m**2 - 8*m + 11. List the prime factors of y(i).
107
Suppose -8*g + g + 126 = 0. Suppose -8*t = -954 + g. What are the prime factors of t?
3, 13
Suppose -8 = 9*v - 26. What are the prime factors of (678/(-4))/((-1)/v)*1?
3, 113
Suppose -2*o - 4*h = -h - 950, -o = 2*h - 473. List the prime factors of o.
13, 37
Suppose -m = -a - 0*a - 67, -3*m + 205 = -4*a. What are the prime factors of m?
3, 7
Let t(x) = 45*x. Suppose -4*g + 2*i = -0*i + 6, 23 = -2*g + 5*i. What are the prime factors of t(g)?
3, 5
Let b(l) = -l**2 - 5*l - 3. Let v be b(-3). Let c(k) = k**3 - 2*k**2 + 6*k - 2. What are the prime factors of c(v)?
5
Suppose -5 = n - 0*n + 4*k, -2*k = -4*n + 16. Suppose 4*b = 5*i + 2, 2*b = -6*i + 8*i. What are the prime factors of (1/i)/(n/(-108))?
2, 3
Suppose -2*z - 21 = 49. Let d = z + 84. List the prime factors of d.
7
Let y be (-1 - 1/(-2))/((-31)/(-186)). What are the prime factors of 4/y*297/(-18)?
2, 11
Suppose t + 20 = 6*t. Suppose x - t*x = -63. What are the prime factors of x?
3, 7
Let q(h) = 3450*h**3 + 3*h**2 - 4*h. List the prime factors of q(1).
3449
Let l(q) = -q**2 - 10*q - 1. Suppose 0 = 3*a - 86 + 326. Let x be (a/(-30))/((-1)/3). What are the prime factors of l(x)?
3, 5
Suppose 2*y + y = 3*h - 3618, -5*y + 1224 = h. Suppose 13*o - 3679 + h = 0. What are the prime factors of o?
2, 5, 19
Let l be -2 - 9/(36/(-80)). Suppose l = p - 5. What are the prime factors of p?
23
List the prime factors of (1349/(-213))/(-2 + 874/438).
19, 73
Let r = 16 + 1. Let g = -12 + r. Suppose q = 3*h + 29, 101 = g*q + 5*h - 84. What are the prime factors of q?
5, 7
Suppose -q = -3 + 10. Let y be (-509)/q - 8/(-28). Suppose 3*o = 11 + y. List the prime factors of o.
2, 7
Let s = 192 + -109. Let v = s - 21. List the prime factors of v.
2, 31
Suppose 4*z = 6*z. Suppose z*g = 5*g - 190. Suppose -4*x - d = -g, 15 = 2*x - d - 7. List the prime factors of x.
2, 5
Let o = 6 - 6. Let s = 3 - o. Suppose -4*m + s = 2*u - 17, 18 = u + 4*m. List the prime factors of u.
2
Suppose -5*r = -15, 4*r + 1881 = 3*b + 2*r. List the prime factors of b.
17, 37
Suppose -11 + 1 = -5*z. Suppose l = -3*v - z*l + 288, -5*v + 3*l = -472. List the prime factors of v.
5, 19
Let v = 2611 - 499. What are the prime factors of v?
2, 3, 11
Suppose 5*q + 4*j - 16 = 0, -q = 2*q - 3*j - 15. Suppose -119 = k - x, -2*k - q*x = 286 - 60. What are the prime factors of k/(-3) + 1 + -3?
37
List the prime factors of 78/(-21) - -4 - 16731/(-21).
797
L